{"id":7,"date":"2024-05-06T17:51:49","date_gmt":"2024-05-06T17:51:49","guid":{"rendered":"http:\/\/www.analizspor.com.tr\/?page_id=7"},"modified":"2024-05-16T23:52:02","modified_gmt":"2024-05-16T23:52:02","slug":"referanslar","status":"publish","type":"page","link":"https:\/\/www.analizspor.com.tr\/?page_id=7","title":{"rendered":"REFERANSLAR"},"content":{"rendered":"<p>Yap\u0131lan \u0130\u015fin \/ Hizmetin Ad\u0131:<\/p>\n<ul>\n<li>BAH\u00c7EL\u0130EVLER BELED\u0130YES\u0130 (48 AY S\u00dcREL\u0130 5 ADET SPOR KOMPLEKSLER\u0130 VE SPOR SALONLARININ TEKN\u0130K MEKAN\u0130K HAVUZ BAKIM ONARIM H\u0130ZMETLER\u0130 \u0130\u015e\u0130)<\/li>\n<li>BAH\u00c7EL\u0130EVLER BELED\u0130YES\u0130 (36 AYLIK 7 ADET SPOR KOMPLEKSLER\u0130 VE SPOR SALONLARININ TEKN\u0130K MEKAN\u0130K HAVUZ BAKIM ONARIM H\u0130ZMETLER\u0130 \u0130\u015e\u0130)<\/li>\n<li>HASAN DO\u011eAN SPOR KOMPLEKS\u0130<\/li>\n<li>MUHS\u0130N YAZICIO\u011eLU SPOR KOMPLEKS\u0130<\/li>\n<li>S\u0130YAVU\u015e PA\u015eA SPOR KOMPLEKS\u0130<\/li>\n<li>\u00c7OBAN\u00c7E\u015eME SPOR KOMPLEKS\u0130<\/li>\n<li>FEVZ\u0130 \u015eEKER SPOR KOMPLEKS\u0130<\/li>\n<li>TURKCELL-TEV \u00d6\u011eRETMEN KAMP\u00dcS\u00dc (\u0130N\u015eA \u0130\u015eLER\u0130)<\/li>\n<li>S\u0130VAS KANGAL 500 SEY\u0130RC\u0130L\u0130 SPOR SALONU (\u0130N\u015eAATI YAPIM \u0130\u015e\u0130)<\/li>\n<li>S\u0130VAS \u0130L\u0130 KANGAL \u0130L\u00c7ES\u0130 SPOR SALONU (TAMAMLAMA VE \u00c7EVRE D\u00dcZENLEME \u0130N\u015eAATI YAPIM \u0130\u015e\u0130)<\/li>\n<li>BURSA \u0130L\u0130 MUDANYA \u0130L\u00c7ES\u0130 \u00c7A\u011eRI\u015eAN K\u00d6Y\u00dc BAH\u00c7E\u015eEH\u0130R BADEML\u0130 KOLEJ\u0130 (HALI SAHA BASKET SAHASI, A\u00c7IK OTOPARK ALANI YAPIM \u0130\u015e\u0130)<\/li>\n<li>KARAG\u00dcMR\u00dcK STADI (\u00c7EL\u0130K YAPILARI)<\/li>\n<li>\u0130NC\u0130RTEPE STADI (SAHA ZEM\u0130N VE \u00c7EL\u0130K YAPILARI)<\/li>\n<li>KASIMPA\u015eA STAD (ZEM\u0130N \/ DANI\u015eMANLIK \/ \u00c7EL\u0130K \/ PROJE)<\/li>\n<li>EY\u00dcP STAD (T\u00dcRB\u00dcN \/ ZEM\u0130N)<\/li>\n<li>G\u00dcNG\u00d6REN M\u0130MAR YAHYA BA\u015e STAD (PROJE \/ \u0130N\u015eAAT \/ ZEM\u0130N \/ DO\u011eAL \u00c7\u0130M BAKIMI)<\/li>\n<li>SANCAKTEPE STAD (ZEM\u0130N \/ T\u00dcRB\u00dcN \/ SOSYAL TES\u0130S)<\/li>\n<li>ESENYURT NECM\u0130KADIO\u011eLU STAD (ZEM\u0130N \/ T\u00dcRB\u00dcN)<\/li>\n<li>ZONGULDAK STAD (T\u00dcRB\u00dcN)<\/li>\n<li>S\u0130VAS KANGAL SPOR SALONU (KOMPLE \u0130N\u015eAAT)<\/li>\n<li>AYDIN GSM (T\u00dcM SENTET\u0130K SAHALARIN BAKIMI)<\/li>\n<li>MARA\u015e GSM (SENTET\u0130K SAHA BAKIMI)<\/li>\n<li>BALIKES\u0130R GSM (SENTET\u0130K SAHA BAKIMI)<\/li>\n<li>BALIKES\u0130R EDREM\u0130T BURHAN\u0130YE MERKEZ SPOR SALONU (SU \u0130ZALASYONU)<\/li>\n<li>\u0130ZM\u0130R GSM (4 SPOR SALONU \u00c7ATI \u0130ZALASYONU)<\/li>\n<li>\u0130STANBUL BAH\u00c7EL\u0130EVLER GSM SPOR KOMPLEKS\u0130 (\u0130ZOLASYON)<\/li>\n<li>\u0130STANBUL GSM \u0130L B\u0130NASI (\u0130ZOLASYON)<\/li>\n<li>FAT\u0130H BELED\u0130YES\u0130 M\u0130MAR S\u0130NAN STADI (ZEM\u0130N \u0130ZOLASYONU)<\/li>\n<li>HATAY \u015eEH\u0130R STADI (YAPAY G\u00dcN I\u015eI\u011eI S\u0130STEM\u0130)<\/li>\n<li>ORDU \u015eEH\u0130R STADI (YAPAY G\u00dcN I\u015eI\u011eI S\u0130STEM\u0130)<\/li>\n<li>KOCAEL\u0130 \u015eEH\u0130R STADI (YAPAY G\u00dcN I\u015eI\u011eI S\u0130STEM\u0130)<\/li>\n<li>S\u0130VAS \u015eEH\u0130R STADI (YAPAY G\u00dcN I\u015eI\u011eI S\u0130STEM\u0130)<\/li>\n<li>SAKARYA \u015eEH\u0130R STADI (YAPAY G\u00dcN I\u015eI\u011eI S\u0130STEM\u0130)<\/li>\n<li>MAN\u0130SA \u015eEHZADE KONUTLARI (KONUT \u0130N\u015eAATI)<\/li>\n<li>\u0130STANBUL GSM MALTEPE M\u00dcZAH\u0130R S\u0130LLE SPOR KOMPLEKS\u0130 (\u00c7ATI VE HAVUZ \u0130ZOLASYONU)<\/li>\n<li>SULTANBEYL\u0130 Y\u00dcZME HAVUZU (\u00c7ATI \u0130ZOLASYONU)<\/li>\n<li>KARTAL YAKACAK G\u0130RAY BULAK SPOR KOMPLEKS\u0130 (KOMPLE \u0130N\u015eAAT)<\/li>\n<li>GAZ\u0130ANTEP B\u00dcY\u00dcK\u015eEH\u0130R BELED\u0130YES\u0130 (B\u0130S\u0130KLET YOLU YAPIMI)<\/li>\n<li>BURSA B\u00dcY\u00dcK\u015eEH\u0130R BELED\u0130YES\u0130 (MUDANYA SAH\u0130L YAPIMI)<\/li>\n<li>SARIYER ZEKER\u0130YAK\u00d6Y (DO\u011eAL \u00c7\u0130M SAHA YAPIMI)<\/li>\n<li>SARIYER ZEKER\u0130YAK\u00d6Y YUSUF Z\u0130YA \u00d6N\u0130\u015e STADYUMU (DO\u011eAL \u00c7\u0130M SAHA ZEM\u0130N\u0130 YAPIMI)<\/li>\n<li>EY\u00dcP AL\u0130BEYK\u00d6Y STAD (SENTET\u0130K ZEM\u0130N YAPIMI)<\/li>\n<li>ANTALYA OK\u00c7ULAR TEKKES\u0130 (OK\u00c7ULUK TES\u0130S\u0130 YAPILDI)<\/li>\n<li>MERS\u0130N J\u0130MNAST\u0130K SALONU (PROJE \u00c7ALI\u015eMASI)<\/li>\n<li>\u00c7ORLU M\u0130LLET BAH\u00c7ES\u0130 (ANA B\u0130NA \u0130N\u015eAAT)<\/li>\n<li>MERS\u0130N GSM (15 OKUL BAH\u00c7ES\u0130NE SENTET\u0130K SPOR SAHA YAPIMI)<\/li>\n<li>F\u0130RMAMIZ TARAFINDA 11 YIL HALI SAHALARI TEST ED\u0130P \u201cF\u0130FA RECOMMENDED\u201d SERT\u0130F\u0130KASI VERD\u0130K.<\/li>\n<\/ul>\n<p>&nbsp;<\/p>\n","protected":false},"excerpt":{"rendered":"<p>Yap\u0131lan \u0130\u015fin \/ Hizmetin Ad\u0131: BAH\u00c7EL\u0130EVLER BELED\u0130YES\u0130 (48 AY S\u00dcREL\u0130 5 ADET SPOR KOMPLEKSLER\u0130 VE SPOR SALONLARININ TEKN\u0130K MEKAN\u0130K HAVUZ BAKIM ONARIM H\u0130ZMETLER\u0130 \u0130\u015e\u0130) BAH\u00c7EL\u0130EVLER BELED\u0130YES\u0130 (36 AYLIK 7 ADET SPOR KOMPLEKSLER\u0130 VE SPOR SALONLARININ TEKN\u0130K MEKAN\u0130K HAVUZ BAKIM ONARIM H\u0130ZMETLER\u0130 \u0130\u015e\u0130) HASAN DO\u011eAN SPOR KOMPLEKS\u0130 MUHS\u0130N YAZICIO\u011eLU SPOR KOMPLEKS\u0130 S\u0130YAVU\u015e PA\u015eA SPOR KOMPLEKS\u0130 \u00c7OBAN\u00c7E\u015eME SPOR KOMPLEKS\u0130 FEVZ\u0130 \u015eEKER SPOR KOMPLEKS\u0130 TURKCELL-TEV \u00d6\u011eRETMEN KAMP\u00dcS\u00dc (\u0130N\u015eA \u0130\u015eLER\u0130) S\u0130VAS KANGAL 500 SEY\u0130RC\u0130L\u0130 SPOR SALONU (\u0130N\u015eAATI YAPIM \u0130\u015e\u0130) S\u0130VAS \u0130L\u0130 KANGAL \u0130L\u00c7ES\u0130 SPOR SALONU (TAMAMLAMA VE \u00c7EVRE D\u00dcZENLEME \u0130N\u015eAATI YAPIM \u0130\u015e\u0130) BURSA \u0130L\u0130 MUDANYA \u0130L\u00c7ES\u0130 \u00c7A\u011eRI\u015eAN K\u00d6Y\u00dc BAH\u00c7E\u015eEH\u0130R BADEML\u0130 KOLEJ\u0130 (HALI SAHA BASKET&#8230; <\/p>\n","protected":false},"author":1,"featured_media":0,"parent":0,"menu_order":0,"comment_status":"closed","ping_status":"closed","template":"template-parts\/template-full-width.php","meta":{"_joinchat":[],"footnotes":""},"class_list":["post-7","page","type-page","status-publish","hentry"],"_links":{"self":[{"href":"https:\/\/www.analizspor.com.tr\/index.php?rest_route=\/wp\/v2\/pages\/7","targetHints":{"allow":["GET"]}}],"collection":[{"href":"https:\/\/www.analizspor.com.tr\/index.php?rest_route=\/wp\/v2\/pages"}],"about":[{"href":"https:\/\/www.analizspor.com.tr\/index.php?rest_route=\/wp\/v2\/types\/page"}],"author":[{"embeddable":true,"href":"https:\/\/www.analizspor.com.tr\/index.php?rest_route=\/wp\/v2\/users\/1"}],"replies":[{"embeddable":true,"href":"https:\/\/www.analizspor.com.tr\/index.php?rest_route=%2Fwp%2Fv2%2Fcomments&post=7"}],"version-history":[{"count":6,"href":"https:\/\/www.analizspor.com.tr\/index.php?rest_route=\/wp\/v2\/pages\/7\/revisions"}],"predecessor-version":[{"id":151,"href":"https:\/\/www.analizspor.com.tr\/index.php?rest_route=\/wp\/v2\/pages\/7\/revisions\/151"}],"wp:attachment":[{"href":"https:\/\/www.analizspor.com.tr\/index.php?rest_route=%2Fwp%2Fv2%2Fmedia&parent=7"}],"curies":[{"name":"wp","href":"https:\/\/api.w.org\/{rel}","templated":true}]}}