{"id":11,"date":"2024-05-06T17:51:49","date_gmt":"2024-05-06T17:51:49","guid":{"rendered":"http:\/\/www.analizspor.com.tr\/?page_id=11"},"modified":"2024-05-16T21:25:59","modified_gmt":"2024-05-16T21:25:59","slug":"vizyon-misyon","status":"publish","type":"page","link":"https:\/\/www.analizspor.com.tr\/?page_id=11","title":{"rendered":"Vizyon-Misyon"},"content":{"rendered":"<p><strong>Misyonumuz:<\/strong><\/p>\n<p><strong><img fetchpriority=\"high\" decoding=\"async\" class=\"size-medium wp-image-108 alignright\" src=\"https:\/\/www.analizspor.com.tr\/wp-content\/uploads\/2024\/05\/zirve-300x200.jpg\" alt=\"\" width=\"300\" height=\"200\" srcset=\"https:\/\/www.analizspor.com.tr\/wp-content\/uploads\/2024\/05\/zirve-300x200.jpg 300w, https:\/\/www.analizspor.com.tr\/wp-content\/uploads\/2024\/05\/zirve.jpg 320w\" sizes=\"(max-width: 300px) 100vw, 300px\" \/><\/strong>Uzmanl\u0131k ve tecr\u00fcbelerimiz ile; en kullan\u0131\u015fl\u0131 ve g\u00fcvenli spor mekanlar\u0131 in\u015fa etmek.<\/p>\n<p><strong>\u00a0<\/strong><strong>Vizyonumuz:<\/strong><\/p>\n<p>Firmam\u0131z taraf\u0131ndan verilen t\u00fcm taahh\u00fctleri, harfiyen yerine getirerek m\u00fc\u015fterilerimize samimi, g\u00fcvenilir, profesyonel hizmet sunmak.<\/p>\n","protected":false},"excerpt":{"rendered":"<p>Misyonumuz: Uzmanl\u0131k ve tecr\u00fcbelerimiz ile; en kullan\u0131\u015fl\u0131 ve g\u00fcvenli spor mekanlar\u0131 in\u015fa etmek. \u00a0Vizyonumuz: Firmam\u0131z taraf\u0131ndan verilen t\u00fcm taahh\u00fctleri, harfiyen yerine getirerek m\u00fc\u015fterilerimize samimi, g\u00fcvenilir, profesyonel hizmet sunmak.<\/p>\n","protected":false},"author":1,"featured_media":0,"parent":0,"menu_order":0,"comment_status":"closed","ping_status":"closed","template":"template-parts\/template-full-width.php","meta":{"_joinchat":[],"footnotes":""},"class_list":["post-11","page","type-page","status-publish","hentry"],"_links":{"self":[{"href":"https:\/\/www.analizspor.com.tr\/index.php?rest_route=\/wp\/v2\/pages\/11","targetHints":{"allow":["GET"]}}],"collection":[{"href":"https:\/\/www.analizspor.com.tr\/index.php?rest_route=\/wp\/v2\/pages"}],"about":[{"href":"https:\/\/www.analizspor.com.tr\/index.php?rest_route=\/wp\/v2\/types\/page"}],"author":[{"embeddable":true,"href":"https:\/\/www.analizspor.com.tr\/index.php?rest_route=\/wp\/v2\/users\/1"}],"replies":[{"embeddable":true,"href":"https:\/\/www.analizspor.com.tr\/index.php?rest_route=%2Fwp%2Fv2%2Fcomments&post=11"}],"version-history":[{"count":5,"href":"https:\/\/www.analizspor.com.tr\/index.php?rest_route=\/wp\/v2\/pages\/11\/revisions"}],"predecessor-version":[{"id":109,"href":"https:\/\/www.analizspor.com.tr\/index.php?rest_route=\/wp\/v2\/pages\/11\/revisions\/109"}],"wp:attachment":[{"href":"https:\/\/www.analizspor.com.tr\/index.php?rest_route=%2Fwp%2Fv2%2Fmedia&parent=11"}],"curies":[{"name":"wp","href":"https:\/\/api.w.org\/{rel}","templated":true}]}}